 i**2 + i - 1. Let g(o) = 2*r(o) + x(o). What is the units digit of g(-11)?
8
Let d = 9913 + 1170. What is the units digit of d?
3
Let w be ((-3)/4*-2)/((-64)/(-640)). Suppose w*f - 12674 = -1199. What is the tens digit of f?
6
Let k = -3346 - -12500. What is the units digit of k?
4
Let b(x) = 1311*x - 13. Let t(y) = -437*y + 4. Let a(k) = 3*b(k) + 8*t(k). What is the units digit of a(1)?
0
Suppose 2*g = 2*q - g - 3123, -3*q - g + 4701 = 0. Suppose 0 = -2*p - 510 + 1458. Suppose -12*n + p + q = 0. What is the units digit of n?
0
Suppose -2*i = 0, -11*j = -7*j - i - 28. What is the units digit of 662 - (j + (5 - 5))?
5
Let n be ((-24)/(-224)*-4)/((-2)/42). What is the hundreds digit of -1 - (-2130)/18 - (-6)/n?
1
Let j(z) = -12473*z + 1831. What is the hundreds digit of j(-1)?
3
Let s = 11 - -111. Let f = s - 117. Suppose -4*l = f*q - 969, 3*q - 12*l = -7*l + 574. What is the hundreds digit of q?
1
Suppose 4*i + i = 2945. Suppose 8*t - 4*t = 5*p - 607, 5*p + 2*t - i = 0. Suppose 3*v + 3*j - 123 = 0, -p = -0*v - 3*v - 2*j. What is the tens digit of v?
3
Let a = -131 + 124. Let w(r) = -r**3 - 6*r - 2. What is the hundreds digit of w(a)?
3
Let o = 12535 + 4827. What is the units digit of o?
2
Suppose 4*z = b + 65985, -23724 = -2*z + b + 9269. What is the thousands digit of z?
6
Suppose -79*h + 86*h + 169274 = 0. What is the hundreds digit of (-16)/88 + h/(-22)?
0
Let i = 18452 + 32451. What is the thousands digit of i?
0
Suppose -f = 2*z - 58531, -64601 = -5*z - f + 81731. What is the tens digit of z?
6
Let d = 167 - 165. What is the hundreds digit of (5478/(-55))/(d/(-10))?
4
Suppose -16*i + 13*i + 318 = 0. Let p be -1 + -2*(-3)/6. Suppose 2*j = p, 0*j + j = 2*q - i. What is the tens digit of q?
5
Let d(v) = 3*v - 578 - 4*v + 561. Let p be d(-16). Let o(t) = -61*t**3 + 2*t + 1. What is the units digit of o(p)?
0
Let b = 11058 - -14753. What is the ten thousands digit of b?
2
Let t(y) = -y**2 + 3*y - 2. Let h be t(2). Suppose h = -9*i + 12*i + 3318. What is the tens digit of (-8)/2*i/56?
7
Let f = 211 + -177. Suppose -f*p + 26*p + 6520 = 0. What is the units digit of p?
5
Let k = -84 + 85. Let g(a) = a. Let q(t) = 2*t**2 - 6. Let u(m) = k*q(m) + g(m). What is the tens digit of u(4)?
3
Suppose -5*q = -5*o - 116370, 0 = 5*q - 0*o + 3*o - 116322. What is the tens digit of q?
6
Let b be (2 + -3)*(-3 + 3). Suppose 5*f - 57 - 628 = b. What is the units digit of f?
7
Let o = -46 + 41. Let r be (-4 - -4) + -3 - o. Suppose -3*q - 633 = -3*j, -r*j = -6*j - 4*q + 812. What is the units digit of j?
7
Let g(l) = -l**3 + 5*l**2 + 2*l - 5. Let d be g(5). Suppose d*p = -4*p + 9036. Suppose 71 = 5*h - p. What is the units digit of h?
5
Suppose 4*n + 4*w = -704, -n + 17 = -3*w + 193. Let m = 277 + n. Suppose 3*h + 3*i - i = m, 4*h - i = 142. What is the tens digit of h?
3
Let j = 107 - 58. Let m = 231 + -247. Let h = j - m. What is the tens digit of h?
6
Suppose 2*g + 2*j = 0, -54 + 69 = -5*g - 2*j. What is the tens digit of (-1324)/g + (-1)/(-5)?
6
Suppose -3*a - 2*d + 54 = 0, -28 = -3*a + 2*a - 4*d. Let z be (-1)/((-6)/a) - 4/(-12). Suppose 4*l - z = l. What is the units digit of l?
1
Let r be 4*(-4)/(16/(-3)). Let w(d) = 8*d - 9 + 20*d + r - 5. What is the tens digit of w(5)?
2
Let x(t) = 42*t - 65. Let a be x(6). Suppose -2*w - 3*w = 665. Let o = w + a. What is the units digit of o?
4
Let h be ((-198)/11)/(1 + 91/(-89)). Suppose -h = -5*g + 554. What is the tens digit of g?
7
Suppose 0 = -4*s - 4*b - 12, -4*b = -5*s + 17 + 4. What is the units digit of s/(5 + 16820/(-3365))?
3
Suppose 0 = -2*r + 22*l - 24*l + 10650, 4*l = -2*r + 10654. What is the units digit of r?
3
Suppose 2*t - x - 1760 = 897, -1342 = -t - 4*x. Let b = -788 + t. What is the units digit of b?
2
Let d(f) = -140*f - 36. Let q be d(-7). Suppose r + 1168 = 5*u, u = -3*u + 4*r + q. What is the tens digit of u?
3
Let g(x) = -5*x**3 + x**2 + 8*x - 16. Let i be g(-7). Suppose -5*v + 2800 = -5*j, -j = -9*v + 12*v - i. What is the units digit of v?
3
Suppose -4*j + 5*j - z - 6 = 0, -5*z = 2*j - 33. Let o be 6/j*-3 - 52/(-1). What is the tens digit of o/(-6)*(-27 + 9)?
5
Let n = 60 - 58. Suppose -3*f + 4*h - 23 = 2*f, 4*f = n*h - 22. Let l(z) = -10*z + 11. What is the tens digit of l(f)?
8
Suppose -2 = -4*d + 6. Let f(k) = 3*k + 11*k**d - 7*k + 8*k - 12 - 10 + k**3. What is the units digit of f(-7)?
6
Let z be (3/(-6)*-78)/(-3 + 4). Let j(m) = 3 - 1 + z*m**2 + 3*m + 42*m**2. What is the tens digit of j(-1)?
8
Suppose -4*o + 22 = 4*s - 2*o, s + 2*o - 10 = 0. Let t be (s + -4 + -4)/(-1). Suppose -t*j + 251 + 789 = 0. What is the hundreds digit of j?
2
Let h(f) = 23*f + 505. What is the tens digit of h(39)?
0
Suppose -19*y + 27968 = -20691. Let d = 4098 - y. What is the tens digit of d?
3
Let n(i) = 6*i + 3*i**2 - i + 0*i**2. Let k be n(10). Let c = -169 + k. What is the tens digit of c?
8
Suppose -3*o - 2*o + 5*y + 40 = 0, 4*y + 20 = 0. Suppose -o*q = -4*z + 2262, 2248 = 4*z + 2*q + 2*q. What is the tens digit of z?
6
Suppose 3762585 - 962983 = 58*q. What is the thousands digit of q?
8
Suppose p = 9*p - 2*p. Suppose 37 = -5*m - u, u + 21 = -3*m - p*u. What is the units digit of (0 - (-201)/12)/((-2)/m)?
7
What is the hundreds digit of 0 + -18 + -28 + 45685?
6
Let f(h) = 5*h**2 + 9*h - 36. Let s be f(-12). Let o = s - -87. What is the tens digit of o?
6
Let l = 452 - 2049. Let n = l + 2502. What is the units digit of n?
5
Suppose -3*n - 38 = -44. Suppose g - 15 = -y, -n*g + g = -5. Suppose -y*r + 1331 = 311. What is the units digit of r?
2
Let c(n) = -21*n**3 + n**2 - 7*n + 20. Let d(k) = -11*k**3 + k**2 - 4*k + 10. Let b(h) = 2*c(h) - 5*d(h). What is the hundreds digit of b(3)?
3
Let x(h) = -1. Suppose 6*p - 2*f + 29 = p, 26 = -4*p + 3*f. Let u(o) = -o - 1. Let s(m) = p*u(m) + 30*x(m). What is the units digit of s(11)?
0
What is the ten thousands digit of ((-18)/(-15)*6070/(-30))/((-7)/315)?
1
Suppose -273048 = -32*s + 17416. What is the hundreds digit of s?
0
Let q = -2109 + 2390. Let u be -54 + (2 - 3)*-2. What is the hundreds digit of (u/(-16) - 9/(-12)) + q?
2
What is the hundreds digit of ((-20)/30 + 4)*3354?
1
Suppose -5*s + 9 = -16. Suppose -9 + 4 = 3*x + 4. Let w = x + s. What is the units digit of w?
2
Suppose -2*x - 5761 = i - 15705, -2*x + 3*i = -9944. What is the units digit of x?
2
Let m = 6486 - -4256. What is the tens digit of m?
4
Suppose -2*b + 0 = r - 25, 5 = r - 3*b. Let v = -33 + r. What is the tens digit of (v/(-12))/((-5)/(-105))?
2
Suppose i - 20082 = -i + 21578. What is the ten thousands digit of i?
2
Let b = 204 - 205. What is the units digit of (-6 - b) + 645 - 2?
8
Let u(i) = 4*i**3 - 2*i**2 - 9*i + 1. Suppose -2*v + 3*w - 7 = 0, 27 = 3*v + 3*w - 0*w. What is the tens digit of u(v)?
8
What is the tens digit of (-158 - -1)*(-423)/47?
1
Let s(j) = -10*j + 18. Let x be 15*1/(-3) + 1 + 2. What is the units digit of s(x)?
8
Suppose 68*g = 78*g + 40. What is the tens digit of (-7443)/18*g/2?
2
What is the tens digit of 30/(-2) - (-10592 - -143)?
3
Suppose 40*i = 26*i - 8260. Let j = -129 - i. What is the units digit of j?
1
Let f = -78 - -82. Suppose 0 = -h - f*b + 17, 4*b + 73 = 3*h + 5*b. What is the units digit of h?
5
Let k(y) = 6*y - 3*y - 10*y - 139. Let i be k(0). Let j = i + 317. What is the units digit of j?
8
Let o(k) = -6*k - 142. Let g be o(-24). What is the units digit of (710/(-50) + 11)/(g/(-200))?
0
Let r be (482 + 4)*4/8. Suppose 5*i = f + r, 4*i = 8*i - 4*f - 188. What is the tens digit of (-5 - -1 - -1) + i?
4
Suppose 147*v = 139*v + 60472. What is the units digit of v?
9
What is the units digit of (-306)/(-510) - 13172/(-5)?
5
Let n be 15/7 + (-2)/14. Suppose 7 = u + n. Suppose 620 = 5*c - u*q, -168 = -2*c + 3*q + 79. What is the tens digit of c?
2
Suppose 2*n = -2*d + 6*d - 4450, 4*n = -4*d - 8912. Let o = -1430 - n. What is the tens digit of o?
9
Let r(w) = -2*w**3 - 2*w**2 + 11*w + 232. Let p(h) = -h**3 - h**2 + 5*h + 116. Let y(j) = 5*p(j) - 2*r(j). What is the hundreds digit of y(0)?
1
Suppose 2*y - 16 = 2*c, y + c = 2 - 0. Suppose 5*g - 2*v - 2453 = 0, 2*v = y*g + 5*v - 2458. What is the units digit of g?
1
Let t(c) = c**3 + 21*c**2 - 23*c + 8. Let a be t(-21). Let z = a - 184. What is the tens digit of z?
0
Suppose -2*c = -14*o + 10*o + 6532, o - 1628 =